mine s(f).
3
Let h(z) be the second derivative of -z**4/6 + 5*z**3/6 + z**2/2 + 3*z. Give h(4).
-11
Let u(t) = -3*t**2 + 2*t + 1. Let m(d) = d**3 - 7*d**2 + 4*d + 2. Let w(a) = 4*m(a) - 9*u(a). Determine w(-1).
-4
Let h(f) = -5 - 25*f - 22*f + 45*f. Determine h(-6).
7
Let d(n) be the second derivative of -3*n + 0 + 5/6*n**3 + n**2 + 1/12*n**4. Calculate d(-4).
-2
Let s(l) = 7*l**2 + l - 3. Let c be 12*(1 + (-1)/2). Let i(v) = -13*v**2 - v + 5. Let z(h) = c*i(h) + 11*s(h). Let p = 4 + 0. Determine z(p).
1
Suppose -5*j = -2*d - 7, -4*j + 0 = 5*d + 1. Let l(b) = 12*b. What is l(j)?
12
Let g(a) = -a - 8. Suppose v = -3*v + 4. Let j be 0/(0 + v + -2). What is g(j)?
-8
Suppose 5*f = 10*f + 5. Let y(q) = 4*q**2 + 3*q + 1. Let t(c) = c**2. Let d(x) = f*y(x) + 5*t(x). Calculate d(5).
9
Suppose 10*b - 10 - 10 = 0. Let z(v) be the first derivative of -b - 1/3*v**3 + 0*v - 5/2*v**2. What is z(-3)?
6
Suppose -r - 3*r = -100. Suppose 5*d + r = -0*d. Let s = d - -4. Let o(c) = -6*c**3 + c**2. Calculate o(s).
7
Let a(c) = c + c**2 - 4 + 4*c - c + 2. Determine a(-4).
-2
Let x(k) be the first derivative of -k**2/2 - k + 10. Suppose -p - 6 = -s, 2 = s + p - 0*p. What is x(s)?
-5
Let c(b) = 7*b**2 + b. Let n(a) = a**3 - 11*a**2 - 11. Let v(u) = u**2 - u. Let x(k) = -n(k) + v(k). Let d be x(12). Calculate c(d).
6
Let b(c) = c**2 - 1. Let g be b(-2). Let a(j) be the first derivative of -1/4*j**4 + 7*j - 2 - g*j**2 + 2*j**3. Give a(5).
2
Let t = 74 + -71. Let l(b) = b**2 - b + 2. Determine l(t).
8
Let l(r) = -3*r**3 - r**2. Let d(n) = -3*n - 3. Let s be d(-4). Let c be 6*(1 + 2)/s. Suppose 0*b - 15 = b - 4*u, -c*u = 2*b - 10. Give l(b).
-4
Suppose -2*y - 4*p = -p + 23, -3*y - 2*p - 22 = 0. Let h(q) = -q**3 - 5*q**2 - 4*q - 2. Determine h(y).
-2
Suppose f = -12 + 10. Let l(s) = 4*s**2 + s + 2. Let v(c) = -3*c**2 - 1. Let n(p) = 4*l(p) + 5*v(p). Give n(f).
-1
Let p(q) = -q**3 - 2*q**2 + 3*q + 2. Let t = -3 + 5. Let l be (2 - (t + -1))*-2. What is p(l)?
-4
Let c(l) = -l**3 + 4*l**2 + 2. Let g be c(4). Let o(b) = 3 - 10*b**g - 2*b + 5*b**2 + 6*b**2 - 2*b**2. Calculate o(-3).
0
Let i(k) = -4*k**3 - 11*k**2 - 10*k + 5. Let t(w) = 3*w**3 + 7*w**2 + 7*w - 3. Let a(s) = 5*i(s) + 7*t(s). Determine a(6).
-2
Let z be (-74)/(-14) + (-2)/7. Let u(x) be the first derivative of x**4/4 - 4*x**3/3 - 2*x**2 - 2*x + 2. Give u(z).
3
Let h(b) = 4*b**2 - 5*b**2 + 6*b + 0*b - 2. Suppose 4 = 3*q - 2. Suppose 2*l - q*c = -c + 8, 2*l - 20 = -5*c. Calculate h(l).
3
Let q(z) be the third derivative of -z**4/24 + 5*z**3/6 - 2*z**2. Let c be (-102)/(-30) + 4/(-10). Suppose -c*d + 24 = 6. Give q(d).
-1
Let t(b) = -6 + 2 - 5*b + 7 + 4*b**2. Calculate t(3).
24
Let n(k) = k**3 + 7*k**2 - 5*k - 3. Let r(m) = -2*m**3 - 14*m**2 + 11*m + 6. Let c(o) = -5*n(o) - 3*r(o). Give c(-8).
-3
Let g(v) = v**2 + 1. Let s = 5 - 6. Let o(f) = 5*f**2 - 6*f + 8. Let p(a) = s*o(a) + 4*g(a). Give p(5).
1
Let t(q) be the first derivative of 3*q**4/4 - q**2 + q + 26. Determine t(1).
2
Let g(z) = z**3 - 9*z**2 - 10*z + 5. Let s be g(10). Let n(y) = -y + 2*y**3 - s - 2*y**3 - 2*y**3 + y**3 - 5*y**2. What is n(-5)?
0
Let k(u) = -11*u. Let a(p) = p**2 + 6*p + 4. Let c be a(-8). Let g be (1/4)/((-5)/c). Determine k(g).
11
Let x(s) be the second derivative of -s**3/6 + 5*s**2/2 + 13*s. Calculate x(0).
5
Suppose 3*x + x = 8. Let w be x/(3/3) - -4. Let b = 4 - w. Let k(o) = -2*o**2 - 2*o + 1. Determine k(b).
-3
Let k(z) = 11*z**2 - 2*z - 1. Let u be (17/(-51))/(1/3). Give k(u).
12
Suppose 0 = 5*m - 7 - 13. Suppose 0 = m*r - r + 3. Let o(s) = 4*s + 1. Let c(u) = -4*u - 1. Let f(g) = -6*c(g) - 7*o(g). Determine f(r).
3
Let s be ((-24)/28)/(1/7). Let l(a) = -a**2 - 7*a - 3. Give l(s).
3
Let n(v) = v**3 - 3*v**2 + v + 2. Let m be n(3). Let p(g) = 4*g**2 - 2*g**3 - 8*g**3 + 6*g - 5 + 9*g**3. Calculate p(m).
0
Let s(m) = -m**3 - 5*m**2 + 6*m - 1. Let k(v) = v**3 - 5*v**2 + 6*v - 4. Let l be k(4). Suppose -2 = a + 3*p + 13, p + 27 = -l*a. Determine s(a).
-1
Suppose -3*i + 4 - 32 = -2*d, -23 = -d - 3*i. Let x = -13 + d. Let h(u) = u**2 - 6*u + 5. What is h(x)?
-3
Let i(q) = 2*q**2 + q. Let u(f) = -9*f**2 - 8*f + 5. Let h(t) = 4*i(t) + u(t). Let o(a) = -2*a**3 + 3*a**2 - 1. Let n be o(2). Give h(n).
0
Suppose -4*t - 13 = c, -2*t + 4*c - 4 = -4*t. Let q(a) = a**2 + 2*a + 2. What is q(t)?
10
Let o(f) be the first derivative of -f**4/4 + 2*f**3/3 + 2*f - 30. Suppose -i = i - 6. Determine o(i).
-7
Let j(f) = 7*f**3 - 6*f**2 - 6*f + 11. Let l(z) = 6*z**3 - 6*z**2 - 5*z + 10. Let k(v) = -5*j(v) + 6*l(v). Calculate k(6).
5
Let a(h) = -h**3 + 2*h**2 + 3*h - 1. Let o be a(3). Let s(k) be the second derivative of 0 - 1/4*k**5 - 2*k + 1/2*k**2 + 1/6*k**3 + 0*k**4. Calculate s(o).
5
Let u(l) = l**3 + 7*l**2 + 7*l + 9. Let v be u(-6). Let h(f) = 17*f**2 - 9*f - 3. Let i(j) = 6*j**2 - 3*j - 1. Let r(k) = -4*h(k) + 11*i(k). Give r(v).
-8
Let b(m) = -m - 4. Suppose 0 = -4*k - 2*g + 22, 0*g - 25 = -5*k - 2*g. What is b(k)?
-7
Let y(a) be the first derivative of a**4/4 - 5*a**3/3 + a**2 + 3*a + 3. Calculate y(3).
-9
Let n(q) be the first derivative of -q**3/3 - q**2/2 - 2. Suppose -s - 1 + 0 = 0. Let d(x) = 3*x**2 + 8*x - 1. Let f(l) = s*d(l) - 4*n(l). Determine f(3).
-2
Let q(p) = -p**2 + 5*p - 10. Let t be q(4). Let l(d) = -d**3 - 7*d**2 - 3*d - 3. Determine l(t).
-21
Suppose -2*z = 5*l + 35, 0*l - 4*l - 5*z - 28 = 0. Let r(i) = -2*i - 10. What is r(l)?
4
Let q(o) be the first derivative of o**4/4 - 2*o**3 + 3*o**2 + 40. Calculate q(4).
-8
Let a(d) be the second derivative of d**3/6 - 3*d**2/2 + d. Suppose c + 3 = -q, -15 = c - 5*q - 0. Determine a(c).
-8
Let c(j) = 14*j - 25*j + 12*j + 1 + 9. Determine c(-5).
5
Let k(x) = x + 1. Let g = 37 - 45. Give k(g).
-7
Let h(u) = 2*u**2 + u + 1. Let z be h(-1). Let d(v) = -2*v + 2 + 2*v - v**3 + 2*v + 4*v**2 + z*v. Determine d(5).
-3
Let t be 1 - -1*(-3 - -2). Let p(l) = 8*l**2 - 6 - 7*l**2 - l**3 - 10*l + 10*l. What is p(t)?
-6
Let k(j) = 9*j**2 + 5*j + 9. Let s(p) = -9*p**2 - 12*p**2 - 12*p - 22 - p**2. Let u(l) = -12*k(l) - 5*s(l). Give u(2).
10
Let g(f) = f**3 - 12*f**2 + 10. Let x be g(12). Suppose 0 = -5*c - x. Let z(w) = -w - 2. What is z(c)?
0
Let t(r) = -3*r - 1. Let x be 2 + (-1 - -2 - 2). Determine t(x).
-4
Let m(h) = -7*h**2 - 8*h - 12. Let v(t) = -13*t**2 - 17*t - 24. Let c(p) = 11*m(p) - 6*v(p). Calculate c(-13).
-1
Suppose 5 = 2*n - 5. Suppose n*y = -q + 19, -2*q - 3 = -5*y + q. Let x(f) be the second derivative of f**5/20 - f**4/3 - f**3/6 + f**2 + f. Calculate x(y).
-10
Let c(w) = -w**2 + 1. Let q be (-2)/(5 + -3)*1 + 3. Calculate c(q).
-3
Suppose m = -5*g - 1, -5*m + 22 = -5*g - 3. Let w(h) = -6*h**2 + 5*h - 11. Let p(v) = -5*v**2 + 5*v - 10. Let t(b) = -5*p(b) + 4*w(b). What is t(m)?
2
Let a(z) = -z + 4. Let u = 7 - 1. Suppose 6*b - u = 3*b. Suppose -8 = -b*q + 4*q. Determine a(q).
8
Let i(u) = 14*u**3 + u**2. Suppose -3*v + v = 0. Let y(w) = -w**2 - w - 1. Let r be y(v). Give i(r).
-13
Let o(m) = -m**2 + m - 5. Let t(a) = 4 - 2*a + 3*a + 3 - 1. Let x be t(-6). What is o(x)?
-5
Let c(f) = f**2 - 7*f + 8. Let y(o) = -o. Let w be y(0). Suppose w = p - 2*p + 6. What is c(p)?
2
Let a(d) = 4*d**2 - 21*d - 6. Let h(b) = b**2 - 4*b - 1. Let p(m) = -2*a(m) + 11*h(m). Let v be p(1). Let l(t) = -3*t - v*t + 4*t + 3. Determine l(-4).
7
Let b(q) be the first derivative of -q**3/6 - 4*q**2 + 4*q - 7. Let m(c) be the first derivative of b(c). What is m(0)?
-8
Let y be (-1*2)/(1 + 0). Let a(l) be the third derivative of 0*l + 8*l**2 + 1/8*l**4 + 0 + 0*l**3. Calculate a(y).
-6
Let c(n) = -4*n**2 + 2*n - 1. Suppose l = 2*f - 1 + 4, 12 = 4*l + f. Suppose -5*x - t = -4, -l - 5 = -3*x + 5*t. Determine c(x).
-3
Suppose -x - p + 4 = -2, 3*x = 5*p - 6. Let u(r) = -4*r**2 + 3*r + 1. Let i(f) = 5*f**2 - 4*f - 1. Let q(j) = 3*i(j) + 4*u(j). Determine q(x).
-8
Let h(o) = o**3 - 6*o**2 - o + 2. Let b(m) = m**3 - 6*m**2 + 2. Let v(i) = -i**2 + i + 6. Let y be v(0). Let z(s) = y*b(s) - 5*h(s). Give z(4).
-10
Suppose 2*k - l + 14 = 0, -5*k = -6*k - 3*l. Let g be (k/2 - -18)*3. Let z be (-2)/(-5) - 288/g. Let v(y) = y**2 + 5*y - 8. Give v(z).
-2
Let n(g) be the first derivative of g**4/4 + 2*g**3 + g**2 + 2*g - 16. Suppose 3*j + 2*z = -0*z - 16, 4*j - 2*z + 26 = 0. Give n(j).
-10
Let g(q) = 2*q**2 - 4*q + 3. Let v be g(2)